67.
6967
List the prime factors of 11964.
2, 3, 997
List the prime factors of 4207.
7, 601
What are the prime factors of 2266?
2, 11, 103
What are the prime factors of 1369?
37
List the prime factors of 10604.
2, 11, 241
List the prime factors of 2685.
3, 5, 179
What are the prime factors of 3129?
3, 7, 149
List the prime factors of 530.
2, 5, 53
List the prime factors of 3615.
3, 5, 241
List the prime factors of 1163.
1163
List the prime factors of 2669.
17, 157
What are the prime factors of 2762?
2, 1381
List the prime factors of 60111.
3, 6679
What are the prime factors of 4798?
2, 2399
List the prime factors of 196.
2, 7
What are the prime factors of 14924?
2, 7, 13, 41
What are the prime factors of 15867?
3, 41, 43
What are the prime factors of 2332?
2, 11, 53
What are the prime factors of 2887?
2887
List the prime factors of 3784.
2, 11, 43
List the prime factors of 21544.
2, 2693
What are the prime factors of 2792?
2, 349
What are the prime factors of 8464?
2, 23
What are the prime factors of 266?
2, 7, 19
What are the prime factors of 4201?
4201
List the prime factors of 2637.
3, 293
List the prime factors of 907.
907
List the prime factors of 52890.
2, 3, 5, 41, 43
What are the prime factors of 133429?
29, 43, 107
List the prime factors of 303.
3, 101
What are the prime factors of 1004?
2, 251
List the prime factors of 1526.
2, 7, 109
List the prime factors of 933.
3, 311
List the prime factors of 979.
11, 89
List the prime factors of 132841.
71, 1871
What are the prime factors of 6277?
6277
What are the prime factors of 29412?
2, 3, 19, 43
What are the prime factors of 3209?
3209
List the prime factors of 26669.
26669
List the prime factors of 11143.
11, 1013
What are the prime factors of 46522?
2, 7, 3323
What are the prime factors of 1756?
2, 439
What are the prime factors of 1088?
2, 17
List the prime factors of 574.
2, 7, 41
What are the prime factors of 834?
2, 3, 139
What are the prime factors of 14837?
37, 401
What are the prime factors of 5851?
5851
What are the prime factors of 854?
2, 7, 61
List the prime factors of 1679.
23, 73
List the prime factors of 4512.
2, 3, 47
What are the prime factors of 8127?
3, 7, 43
What are the prime factors of 791?
7, 113
List the prime factors of 10471.
37, 283
List the prime factors of 3122.
2, 7, 223
What are the prime factors of 80540?
2, 5, 4027
What are the prime factors of 23336?
2, 2917
What are the prime factors of 41003?
131, 313
What are the prime factors of 65912?
2, 7, 11, 107
List the prime factors of 3577.
7, 73
List the prime factors of 2164.
2, 541
What are the prime factors of 871?
13, 67
What are the prime factors of 792?
2, 3, 11
List the prime factors of 88025.
5, 7, 503
What are the prime factors of 10233?
3, 379
List the prime factors of 25225.
5, 1009
List the prime factors of 315.
3, 5, 7
List the prime factors of 1261.
13, 97
What are the prime factors of 5553?
3, 617
List the prime factors of 5755.
5, 1151
What are the prime factors of 290?
2, 5, 29
List the prime factors of 75764.
2, 13, 31, 47
List the prime factors of 15574.
2, 13, 599
What are the prime factors of 8202?
2, 3, 1367
What are the prime factors of 9764?
2, 2441
What are the prime factors of 3722?
2, 1861
What are the prime factors of 4141?
41, 101
What are the prime factors of 556?
2, 139
List the prime factors of 8625.
3, 5, 23
What are the prime factors of 4145?
5, 829
List the prime factors of 1267.
7, 181
List the prime factors of 3409.
7, 487
List the prime factors of 10261.
31, 331
List the prime factors of 5247.
3, 11, 53
What are the prime factors of 16338?
2, 3, 7, 389
What are the prime factors of 18824?
2, 13, 181
List the prime factors of 1247.
29, 43
What are the prime factors of 10907?
13, 839
List the prime factors of 840.
2, 3, 5, 7
List the prime factors of 7482.
2, 3, 29, 43
What are the prime factors of 2131?
2131
What are the prime factors of 504?
2, 3, 7
What are the prime factors of 1350?
2, 3, 5
List the prime factors of 52484.
2, 13121
What are the prime factors of 50459?
50459
What are the prime factors of 133128?
2, 3, 43
What are the prime factors of 597?
3, 199
List the prime factors of 56792.
2, 31, 229
What are the prime factors of 27306?
2, 3, 37, 41
What are the prime factors of 2342?
2, 1171
List the prime factors of 1332.
2, 3, 37
List the prime factors of 3040.
2, 5, 19
What are the prime factors of 8196?
2, 3, 683
What are the prime factors of 7616?
2, 7, 17
List the prime factors of 45344.
2, 13, 109
List the prime factors of 28483.
7, 13, 313
What are the prime factors of 10854?
2, 3, 67
What are the prime factors of 777?
3, 7, 37
List the prime factors of 20689.
17, 1217
List the prime factors of 8368.
2, 523
List the prime factors of 6156.
2, 3, 19
List the prime factors of 65526.
2, 3, 67, 163
List the prime factors of 66420.
2, 3, 5, 41
What are the prime factors of 33788?
2, 8447
List the prime factors of 17470.
2, 5, 1747
What are the prime factors of 341?
11, 31
List the prime factors of 46987.
19, 2473
List the prime factors of 27470.
2, 5, 41, 67
List the prime factors of 42718.
2, 13, 31, 53
What are the prime factors of 1368?
2, 3, 19
List the prime factors of 879.
3, 293
What are the prime factors of 536?
2, 67
What are the prime factors of 9153?
3, 113
List the prime factors of 285.
3, 5, 19
What are the prime factors of 15879?
3, 67, 79
List the prime factors of 15332.
2, 3833
List the prime factors of 6231.
3, 31, 67
List the prime factors of 1838.
2, 919
What are the prime factors of 9594?
2, 3, 13, 41
List the prime factors of 17426.
2, 8713
List the prime factors of 618.
2, 3, 103
What are the prime factors of 8814?
2, 3, 13, 113
What are the prime factors of 18401?
18401
What are the prime factors of 12825?
3, 5, 19
List the prime factors of 2496.
2, 3, 13
What are the prime factors of 4092?
2, 3, 11, 31
What are the prime factors of 162238?
2, 81119
List the prime factors of 1108.
2, 277
What are the prime factors of 3044?
2, 761
What are the prime factors of 3150?
2, 3, 5, 7
List the prime factors of 144467.
73, 1979
What are the prime factors of 1931?
1931
List the prime factors of 2807.
7, 401
List the prime factors of 478.
2, 239
What are the prime factors of 133659?
3, 14851
List the prime factors of 11111.
41, 271
List the prime factors of 2682.
2, 3, 149
List the prime factors of 1024.
2
What are the prime factors of 263?
263
What are the prime factors of 9084?
2, 3, 757
What are the prime factors of 2281?
2281
What are the prime factors of 2096?
2, 131
List the prime factors of 5701.
5701
What are the prime factors of 30?
2, 3, 5
What are the prime factors of 340?
2, 5, 17
What are the prime factors of 2617?
2617
What are the prime factors of 28336?
2, 7, 11, 23
What are the prime factors of 1797?
3, 599
List the prime factors of 5250.
2, 3, 5, 7
What are the prime factors of 134528?
2, 1051
List the prime factors of 56850.
2, 3, 5, 379
What are the prime factors of 739?
739
What are the prime factors of 2336?
2, 73
What are the prime factors of 1481?
1481
What are the prime factors of 743?
743
List the prime factors of 2446.
2, 1223
List the prime factors of 85.
5, 17
List the prime factors of 3676.
2, 919
What are the prime factors of 1022?
2, 7, 73
What are the prime factors of 13368?
2, 3, 557
List the prime factors of 11377.
31, 367
List the prime factors of 131.
131
What are the prime factors of 1319?
1319
List the prime factors of 69623.
69623
What are the prime factors of 745?
5, 149
List the prime factors of 63877.
11, 5807
List the prime factors of 1036.
2, 7, 37
What are the prime factors of 78322?
2, 39161
What are the prime factors of 206?
2, 103
List the prime factors of 3965.
5, 13, 61
What are the prime factors of 843?
3, 281
List the prime factors of 539.
7, 11
What are the prime factors of 32392?
2, 4049
List the prime factors of 66380.
2, 5, 3319
What are the prime factors of 11444?
2, 2861
What are the prime factors of 1386?
2, 3, 7, 11
What are the prime factors of 24509?
24509
List the prime factors of 833.
7, 17
List the prime factors of 812.
2, 7, 29
List the prime factors of 2940.
2, 3, 5, 7
What are the prime factors of 6759?
3, 751
What are the prime factors of 3200?
2, 5
List the prime factors of 606.